 the prime factors of k(g)?
2, 251
Let i(k) = -11*k**2 + 2*k - 19. Let u be i(6). Let d = -710 - u. Let g = 480 + d. List the prime factors of g.
173
Let p(d) = 160*d**2 - 32*d + 2. What are the prime factors of p(5)?
2, 17, 113
Suppose 0 = -5*j - 2*a - 713, -4*a + 147 = -12*j + 11*j. Let x = 377 + j. List the prime factors of x.
2, 3, 13
Let f(w) = 25*w**2 + 61*w + 443. List the prime factors of f(-8).
5, 311
Suppose -378*a = -88*a - 1362029 + 12949. What are the prime factors of a?
2, 1163
What are the prime factors of 9 + -7782*(-5)/10?
2, 3, 5, 13
Let u be (47/(-141))/(2 + (-14)/6). Let h(q) = 588*q**2 - 11*q + 10. What are the prime factors of h(u)?
587
Let k(l) = l**3 + 3*l**2 - 11. Suppose -2*h = -4*y - 14 + 2, 19 = -3*y - h. Let r be k(y). Let b = r - -120. What are the prime factors of b?
59
Suppose -96 = -x - 93. Suppose -j + 4*j - 108 = x*o, 3*j = -3*o + 114. List the prime factors of j.
37
Suppose -4*c - f + 19329 = 0, 2*c + 0*c - 9657 = -3*f. List the prime factors of c.
3, 179
Suppose 35421 - 197301 = -15*y - 61*y. List the prime factors of y.
2, 3, 5, 71
Let v be (-184)/276 + (-22)/(-6). Let y = v - -74. List the prime factors of y.
7, 11
Suppose 0 = 3*f - 12, -89 + 605 = 3*b + 3*f. Suppose 57*g - 51*g = b. List the prime factors of g.
2, 7
Let g(o) = -763*o**3 + 13*o + 764*o**3 + 53 + 14*o**2 + 0*o. What are the prime factors of g(-12)?
5, 37
Let z(k) = k**3 + 16*k**2 - 36*k + 367. List the prime factors of z(14).
5743
Let w(u) = u**3 - 31*u**2 + 27*u + 94. Let s be w(30). Suppose -6*r + 1876 = -2*r - 3*m, 3*r = s*m + 1407. List the prime factors of r.
7, 67
Let q(y) = 70*y**3 - 2*y**2 - 72*y + 194. What are the prime factors of q(3)?
2, 5, 37
Suppose -12*a = -17806 - 96326 - 47988. List the prime factors of a.
2, 5, 7, 193
Suppose 45*o - 46*o = -s + 33886, 4*s - 2*o - 135550 = 0. What are the prime factors of s?
33889
Let z = 43 + -43. Suppose z*u + 2 = u. Suppose u*s = -2*m + 36, m - 2*s - 6 = 3*s. List the prime factors of m.
2
Let g be (-4 + 65/15)*15. List the prime factors of 6/(-15)*(-65 + g).
2, 3
Let j = -205 - -148. Let l = 440 + j. List the prime factors of l.
383
Let w(d) = d**2 + 3*d + 5. Let q be w(-3). Suppose -2*o = 5*y - 0*y - 5, -o = q. Suppose 3*x + x + 793 = 5*b, 4*b - y*x = 635. List the prime factors of b.
7, 23
Suppose -15 = 3*k, -3*k = 2*v + 23 + 2. What are the prime factors of ((-5)/(-15))/(v/(-7740))?
2, 3, 43
Let s(l) = 4*l**2 + 30*l - 63. Let a be s(30). Suppose -30*i = -13*i - a. What are the prime factors of i?
3, 29
Let h be 80/(-8)*(-6)/30. List the prime factors of (10224/5)/2 + h/(-5).
2, 7, 73
Let u(m) = 4*m + 36. Let s be u(-9). Suppose s*h - 4*b = h - 395, 3*h - 3*b = 1245. What are the prime factors of h?
3, 137
Let k(z) = -50*z**3 - 4*z**2 - 50*z - 208. List the prime factors of k(-10).
2, 12473
Suppose -10*b + 12 = -6*b. List the prime factors of (b - 3 - 4)*-238.
2, 7, 17
Suppose -x = 13*x - 70. Suppose -o - 2*a + 296 = 76, -2*a = -x*o + 1136. List the prime factors of o.
2, 113
Let a(k) = 33*k - 358. Let i be a(44). Suppose y + 3*b + 50 = i, 3*b = 4*y - 4176. What are the prime factors of y?
2, 3, 29
Suppose 3*n = 6741 + 120. Suppose 48*j = 50*j + 6, -2*w = -5*j - n. List the prime factors of w.
2, 71
Let b = 22 + -22. Suppose b = 8*g - 1350 - 362. Suppose -112 = -2*x - 2*t, g = -x + 5*x - t. List the prime factors of x.
2, 3
Let u(f) = 20*f**2 + 2347*f + 37. What are the prime factors of u(-121)?
2, 5, 887
Let f = 2331 - 1347. Suppose -i + f = -3*g, 4*i - 994 = 3*i + 5*g. List the prime factors of i.
3, 17, 19
Let m(b) = -2*b + 10. Let g be m(4). Let c be -1*(-8 - -8)/(-1*g). Suppose -5*x + 2*x + 102 = c. List the prime factors of x.
2, 17
Suppose -135*s + 77*s = -202362. List the prime factors of s.
3, 1163
Let d = 10137 + -5081. List the prime factors of d.
2, 79
Let n = -3 + -1. Let g be (178/n)/(11/22). Let s = g + 134. What are the prime factors of s?
3, 5
Suppose -3*k - 4 = -5*q, 0*k = q + 4*k - 10. Let l(x) = 25*x**3 - 6*x**2 + 2*x + 1. Let a be l(-5). List the prime factors of a/(-12) - q/(-6).
2, 137
Let q(v) = -11*v + 17. Let w(z) = -z. Let y(c) = -c**2 + 18*c + 35. Let f be y(20). Let a(t) = f*w(t) + q(t). What are the prime factors of a(-15)?
107
Suppose 4*k = 5*t - 17, 0 = 5*k + 3*t - 0*t - 25. List the prime factors of 748 - 9 - k - (-1 - -1).
11, 67
Let p(f) = 7*f**2 + 75*f - 6. Let q be p(-15). Let t(i) = -i**3 - 5*i**2 - 5*i - 1. Let o be t(-4). Suppose o*v = 45 + q. List the prime factors of v.
163
Let k(x) = 5725*x**3 - 4*x**2 + 5*x - 1. What are the prime factors of k(1)?
5, 229
Suppose 0 = n - 28 - 32. What are the prime factors of (264/n)/((-48)/(-15) - 3)?
2, 11
Let b(s) = 16*s**2 + 9*s - 40. Let i(r) = 3*r**3 - 5*r**2 + 3*r - 6. Let l be i(2). Let z be b(l). Let u = -145 + z. List the prime factors of u.
107
List the prime factors of (-14)/12*-1 + (-8741354)/(-348).
2, 5, 157
Let b(r) = 86*r**2 + 2*r + 1. Suppose 25 = 4*y - 27. Suppose 10 - y = 3*q. What are the prime factors of b(q)?
5, 17
Let o(h) = 7*h**2 - 36*h - 80. What are the prime factors of o(44)?
2, 743
Let x(g) = -3*g - 24. Let l be x(-8). Suppose 2*o + 56 - 12 = l. Let s = o + 30. List the prime factors of s.
2
Suppose 3*a + 139 = 5*q - 1201, 1072 = 4*q + a. Suppose 5*p - q = 857. Let n = p + -47. List the prime factors of n.
2, 89
Suppose 0 = -2*d - 2*y + 2, d - 6 = -d - 4*y. List the prime factors of (d - 7/(-5))/(46/39560).
2, 43
Let r(f) = -693*f**3 + 2*f**2 - 4*f - 6. Let h = -679 + 678. What are the prime factors of r(h)?
3, 7, 11
Suppose -63098 = -25*u + 79460 + 58242. What are the prime factors of u?
2, 251
Suppose 68*q - 1258810 = -83961 + 411931. What are the prime factors of q?
5, 13, 359
Suppose -2724 = h - 5*h + 2240. What are the prime factors of h?
17, 73
Let q(w) = -3*w + 22. Let m be q(14). Let z be (40 + -10)/((-6)/m). Suppose 3*u - 83 = l + 196, 0 = -u - 2*l + z. What are the prime factors of u?
2, 47
Suppose -25*t = -35*t + 732435 + 62815. What are the prime factors of t?
5, 3181
Let m(i) = -i**2 - 6*i + 10. Let v be m(-7). Let n be -1 + 3 + (v + -3)/(-3). List the prime factors of (-12)/n*(-8 - 2).
2, 3, 5
Let r(g) be the second derivative of 4*g**4/3 - 9*g**3/2 + 9*g**2/2 + 136*g. What are the prime factors of r(4)?
157
Let k be (1/(-2))/(2/28). Let m(d) = -d**2 + 36*d - 303. Let t be m(18). Let l = t + k. What are the prime factors of l?
2, 7
Let u(n) be the second derivative of n**4/12 - n**3/3 - 16*n**2 + 56*n. What are the prime factors of u(12)?
2, 11
Suppose 0 = -3*u + 3, 5*u - 10 = s + 10. What are the prime factors of (s/(-12))/((-3)/(-552))?
2, 5, 23
Let n = 32523 - 11445. List the prime factors of n.
2, 3, 1171
Suppose -6 = j + 4*l, -5*j + 4*j + l + 9 = 0. Suppose -403 = -j*y + 845. List the prime factors of y.
2, 13
Suppose 0 = 16*u - 0*u + 25280. Let z = -915 - u. What are the prime factors of z?
5, 7, 19
Suppose 2*h + 7 = 15. Suppose h*n + 2*y - 10 = 0, 2*y = 3*n - y - 3. Let f = 45 - n. List the prime factors of f.
43
Suppose -59*v = 17*v - 1290708. List the prime factors of v.
3, 17, 37
Suppose 403739 - 1241124 = -29*h + 697527. What are the prime factors of h?
2, 827
Suppose -7*c + 3*c = 4*d - 15048, 2*d - 4*c - 7506 = 0. List the prime factors of d.
3, 7, 179
Let d(y) = -5*y**3 + 56*y**2 + 64*y + 13. What are the prime factors of d(-19)?
2, 13327
Suppose -2*z + 2 = 0, 5*i + 11 = 3*z + 58. Suppose -4*l - k - 2 + 59 = 0, 0 = 3*l - 5*k - 60. Suppose -l*c + 15 = -i*c. List the prime factors of c.
3
Let n be (-5 + 8)*(-1 - -9). Suppose 3420 + 5076 = n*d. What are the prime factors of d?
2, 3, 59
Let o(d) = 9*d - 32. Let q(b) = -19*b + 64. Let j(x) = 5*o(x) + 2*q(x). Let u be 3 + (18 - (3 - 0)). List the prime factors of j(u).
2, 47
What are the prime factors of (9/6 - (5 + -3))*-7088?
2, 443
Suppose -42 = -11*j - 3*j. Suppose -j*w - 26122 = -40*w. List the prime factors of w.
2, 353
Let x(j) = -8*j - 45. Let o be x(-8). Suppose 0 = -18*v + o*v - 143. Let z = -86 + v. List the prime factors of z.
3, 19
Let m(s) = -3729*s - 1336. What are the prime factors of m(-10)?
2, 17977
Let t be ((-4)/7)/((-9)/378*6). Suppose -x + 309 = -t*q, -2*q + 98 - 710 = -2*x. List the prime factors of x.
5, 61
Let z be -6618*(1 + 0) - 0. Let b be (-8)/(-44) - z/22. Suppose -5*w + 30